tive of -61*m**3/6 - 15*m**2/2 + 2*m - 27. What are the prime factors of v(-4)?
229
Let n(f) = 197*f**2 + 12*f - 8. List the prime factors of n(-2).
2, 3, 7
Let j(a) = -a**3 + 10*a**2 - 14*a + 20. Suppose -5*h + 9 = 2*v - 4*v, 4*v + h = 37. What are the prime factors of j(v)?
2, 3
Suppose -5*b + 0*b + 20 = 0. Suppose -2*f + b*y + 154 = 0, 0*y = -5*f - y + 385. List the prime factors of f.
7, 11
Let h be -4 - (202 - (-3 + 2)). Let p = h + 356. What are the prime factors of p?
149
Suppose -h = -2*a - 863, -3*h + 2*a = -2250 - 331. What are the prime factors of h?
859
Let b = 156 + 693. What are the prime factors of b?
3, 283
Suppose 2*y - 188 = -2*v, -5*v + 8*y = 6*y - 442. Let g = -74 + v. What are the prime factors of g?
2
Suppose 3*d - 5*d - c = -1728, -2*c = -3*d + 2606. List the prime factors of d.
2, 433
Let o(m) = -3*m**3 + 8*m**2 + 8*m + 13. What are the prime factors of o(-4)?
7, 43
Suppose -4*p = -909 + 269. List the prime factors of p.
2, 5
Suppose 2 = r + 15. Let q = r - -15. Suppose 5*m + 2*x + 3*x = 225, q*m - 102 = 2*x. List the prime factors of m.
2, 3
Suppose -1486 = -7*t + 3*t - 3*b, 0 = -4*b + 8. List the prime factors of t.
2, 5, 37
Suppose -2*l = -3*l - 33. Let y = 45 + l. List the prime factors of y.
2, 3
Suppose 2*g - 7*g = w + 23, -2*w - 53 = 3*g. Let q be ((-5)/15)/((-3)/45). What are the prime factors of (2 - w)*8/q?
2, 3
Suppose o + 1 = 4. Suppose -21 + 3 = -o*y. What are the prime factors of y?
2, 3
Let t be 4*2/(-2) - -18. Suppose 39 = g + t. List the prime factors of g.
5
Suppose 0 = -0*d + 6*d - 240. Suppose 5*s - 3*x - d = 0, 5*s + 2*x + 9 = 24. Suppose n = -s + 25. What are the prime factors of n?
2, 5
What are the prime factors of 7924/22 + 4/(-22)?
2, 3, 5
Suppose 7*l = 2*l + 5*r + 15, -5*l + 3*r + 19 = 0. Let q = 22 - l. What are the prime factors of q?
17
Let w(b) = b - 17. Let h be w(12). Let o(s) = -s**2. Let j(a) = -4*a**2 - 8*a - 5. Let v(n) = j(n) - 5*o(n). What are the prime factors of v(h)?
2, 3, 5
What are the prime factors of (-1)/((-5 + 11)/(-7146))?
3, 397
Let z be 112/20 - (-4)/10. Let x be (-58)/(-7) + (-18)/63. List the prime factors of (z/x)/(1/24).
2, 3
Let p = -261 + 744. What are the prime factors of p?
3, 7, 23
Let t(s) = s**3 + 14*s**2 + 8*s + 1. Let q be t(-13). Suppose -z + q = 2*z. List the prime factors of z.
2, 11
Suppose 313*f - 305*f = 31104. List the prime factors of f.
2, 3
Suppose -5*s = 4*k + 724, -186 = 2*k + 2*s + 178. Let d be (-2)/(-3) + k/9. Let u = -8 - d. What are the prime factors of u?
2, 3
Suppose -39*r + 42*r - 1860 = 0. What are the prime factors of r?
2, 5, 31
Suppose -2*u - f + 6 = 0, 5*u - 15 = -2*f + 2. Suppose 3 = 2*q - 3. Suppose 0 = 3*p + 3*r - 18, q*p + 3 = -p + u*r. What are the prime factors of p?
3
Suppose -3*o = -6*o - 189. Let n = o + 102. Let i = n - 28. What are the prime factors of i?
11
Let o(q) = 11*q - 9. Let n be (-15)/((-5)/(-1)) + 7. What are the prime factors of o(n)?
5, 7
Let g(m) = -m**3 + 5*m**2 + 6*m - 6. Let j be g(5). Suppose -2*o - 8 = j. List the prime factors of (-6)/(-3 - 42/o).
2
Suppose -7235 = -37*y + 3125. List the prime factors of y.
2, 5, 7
Let z(f) = 124*f + 210. List the prime factors of z(4).
2, 353
Let o = -10 + 7. Let c(b) = -4*b + b**3 - 4 - 2*b**3 - 4*b**2 + 2*b**2. List the prime factors of c(o).
17
List the prime factors of (-22)/99 + 1*(-28534)/(-18).
5, 317
Let k(b) be the first derivative of -b**4/4 + 11*b**3/3 + 7*b**2 + 7*b + 1. Suppose -20 - 28 = -4*g. List the prime factors of k(g).
31
Let h = -677 + 1259. Let c be 2/9 + h/54. Let o = c + -3. List the prime factors of o.
2
Suppose 4*g + 26 = -2. Let q(s) = 4*s**2 - 2*s + 9. Let x be q(g). Suppose -6*m = -3*m - x. What are the prime factors of m?
73
Suppose 4*l = -0*l + 128. Let r = -5 - -23. Let k = r + l. What are the prime factors of k?
2, 5
Let u(x) = 9*x**2 - 7*x - 30. Let s be u(10). What are the prime factors of s/6*(-120)/(-50)?
2, 5
Let j(r) = 3*r**2. Let f(t) = -75*t**2. Let h(n) = 6*f(n) + 153*j(n). Let k be h(1). Suppose -2 - k = -z - y, 4*z + 5*y = 44. List the prime factors of z.
11
List the prime factors of 420/((-528)/90 - -6).
2, 3, 5, 7
Let v(s) = s**2 + 2*s + 7. Let h be v(-5). Let p be 1*6*11/h. Suppose p*m + 25 = 115. List the prime factors of m.
2, 3, 5
Let v(z) = 15*z**2 + 11*z - 23. Let h be v(6). Suppose -5*u + 177 = -h. What are the prime factors of u?
2, 19
Let i = 1716 - 1207. List the prime factors of i.
509
Suppose 0 = -0*i - 4*i - 4*p + 8, i = p + 12. Let u(v) = 0 + v**3 - 5 + 9*v - 4 - 8*v**2. List the prime factors of u(i).
5
Suppose -28*k + 53*k - 53075 = 0. What are the prime factors of k?
11, 193
Suppose 9*q - 9228 = 3318. What are the prime factors of q?
2, 17, 41
Suppose -3*t - 2*t + 10 = 0. Suppose 1 + t = -3*d. What are the prime factors of -2 + ((-26)/d - 3)?
3, 7
Let r(j) = -j**3 - 8*j**2 + 11*j. Let u be r(-10). Suppose 4*g - 26 + u = 0. Let b(v) = v**3 + 15*v**2 - 21*v - 2. List the prime factors of b(g).
2, 3, 13
Let x(k) be the second derivative of 0 + 0*k**3 + 2*k + 7/12*k**4 + 1/20*k**5 - 3/2*k**2. List the prime factors of x(-4).
3, 5
Let j = -21 + 132. List the prime factors of j.
3, 37
Let y be 10/5 + (3 - 1). Suppose 4*l + 8 = -3*q, 0 = q + 3*l - l + y. Suppose 2*u + 85 = 3*z, q*z - 3*u - 113 = -4*z. List the prime factors of z.
29
Let d(y) = -4*y**3 + y**2 - y - 2. Let h(u) = -u**3 - 9*u**2 + 11*u + 9. Let i be h(-10). Let c be d(i). List the prime factors of (132/c - 2)/1.
31
Let g be 14/6 + (-1)/3. Suppose 5*d = -2*a + 40, d = -5*a - d + 100. Suppose -88 + a = -g*c. What are the prime factors of c?
2, 17
Let l = 8 + -8. Suppose l*h = -2*h + 2. List the prime factors of h/6*-62*-3.
31
Suppose 4*n - 624 - 700 = 4*y, y - 5 = 0. List the prime factors of n.
2, 3, 7
What are the prime factors of (-6654)/(-9) - (-96)/(-72)?
2, 3, 41
Let f be (1*-1*1)/(55/(-935)). Suppose -o - 732 = -4*d, 16*o + 556 = 3*d + f*o. List the prime factors of d.
2, 23
Let x(c) = -22*c**3 + 6*c**2 + 7*c - 22. List the prime factors of x(-3).
5, 11
Suppose -40*d - 24*d + 102464 = 0. What are the prime factors of d?
1601
Let m(w) be the second derivative of 13*w**3/3 + 3*w**2/2 - 11*w. List the prime factors of m(2).
5, 11
Let q = 220 + -80. List the prime factors of (-4 + 7)*q/6.
2, 5, 7
Let h(j) = 2*j - 25. Let a be h(22). Let l = a - -75. List the prime factors of l.
2, 47
Let y(u) be the third derivative of u**5/20 + u**4/12 - u**3/2 - 3*u**2. List the prime factors of y(5).
2, 41
Let d(a) = 10*a**2 + 11*a + 8. Let i be d(6). Suppose 254 = s + 2*s + o, 5*s - o - i = 0. What are the prime factors of s?
2, 43
Let f = -26 - -27. List the prime factors of (86*1)/((f - -2)/3).
2, 43
Let w(n) = 11*n - 16. Suppose -3*g = 3*v - 7 - 20, 2*g - 21 = -5*v. List the prime factors of w(g).
2, 3
Suppose 3*t - 4*y - 797 = -0*y, t = -2*y + 279. Suppose -2*q = -k - t, -2*q - 134 = -3*q - k. What are the prime factors of q?
3, 5
Let b(w) = -5*w**3 + 6*w - 13. Let d be b(3). Let l = -90 - d. What are the prime factors of l?
2, 5
Let f(o) = -o**3 + 20*o**2 + 18*o + 37. Let y be f(21). List the prime factors of (-4832)/y - (-10)/65.
2, 3, 31
Let w(x) be the third derivative of x**6/120 + x**5/6 + 5*x**4/24 - 2*x**3/3 + 3*x**2. Let t be w(-7). Suppose 0 = -5*m + t + 87. List the prime factors of m.
3, 13
Let a(s) = 5*s**2 - 17*s - 5. Let u be a(8). Suppose d + 108 = 2*q, -5*q + u = -2*d - 92. What are the prime factors of q?
5, 11
Suppose -2*p + 4*p - 16 = -2*c, -2*c - 3*p = -19. Let j be -50*(0 + (-2)/c). Suppose -j = -m - 3*m. List the prime factors of m.
5
Let v(p) = p**2 - 9*p + 8. Let w be ((-32)/(-10))/((-2)/(-5)). Let x be v(w). Suppose -a - a + 32 = x. What are the prime factors of a?
2
Let w(l) = 37*l - 654. What are the prime factors of w(29)?
419
Let i = -704 - -1157. List the prime factors of i.
3, 151
Suppose -8*p + 11*p - 414 = 0. List the prime factors of p.
2, 3, 23
Suppose -289 - 999 = -4*f. What are the prime factors of f?
2, 7, 23
Suppose -5*j = -4*d - 79, -d = -3*j - 5 + 23. List the prime factors of d/(6/(-198)*3).
3, 7, 11
Suppose 3*d = 3*v - 12, 4*v + 7*d = 3*d. Suppose -4*s - 3*g = -229, 0*g = -v*s - g + 115. What are the prime factors of s?
2, 29
Let p be 106/10 + 4/10. Let a = p + -8. Suppose y - 21 = a*r - 4*r, -3*y + 71 = 5*r. 